ose 60*z - 63*z = 3*d - 162, 3*z - 170 = 5*d. Calculate the highest common factor of 10 and z.
5
Let x be (-5)/(((-2)/6)/(12/36)) - -4. Let l = -1 + 4. Calculate the highest common factor of l and x.
3
Suppose 6*b + 13 = 169. What is the greatest common factor of 1066 and b?
26
Let u be 40/7 + (-6)/(-21). Suppose -2*z - z = -u. Suppose 0 = z*x + 7 - 1, -s - 3 = 2*x. Calculate the highest common factor of s and 15.
3
Let v be (0 + (-8)/(-6))*12/8. Suppose -q + 512 = -2*w, -q - v*w + 346 = -154. Calculate the greatest common factor of q and 46.
46
Let m = 2228 - 2208. Calculate the highest common factor of 2140 and m.
20
Let f be (12 + -3)*(0 + -1). Let d be 6/f + (-29)/(-3). What is the greatest common factor of 9 and d?
9
Suppose -3*f = 3*r - 297, -5*r = -f - 84 - 417. What is the highest common divisor of 40 and r?
20
Suppose -4*p = -3*l - 61, -3*p - 7*l + 3*l = -77. Let a be 6/(-3)*(-285)/10. What is the greatest common factor of p and a?
19
Let f(q) be the second derivative of 5*q**3/3 + q**2 - 7*q. Let m be f(3). Calculate the highest common divisor of 96 and m.
32
Let g(d) = 40*d**2 + 2*d - 1. Let j = -75 + 73. Let n be g(j). What is the greatest common factor of 31 and n?
31
Let u be (2/(-5))/((-1024)/(-340) - 3). Let i be (u/(-1))/1 + 3/(-3). Calculate the greatest common divisor of 33 and i.
33
Let y be 18452/12 + 10/(-6) - 6. What is the highest common factor of y and 18?
18
Suppose -5*y = -0*y - 100. Let x = 39 - 23. Let z be x/(-6)*(2 + -5). What is the highest common factor of y and z?
4
Suppose x = 3*j - 0*x - 5, -2*x + 2 = -2*j. Suppose j*l = 8*l - 90. What is the highest common factor of l and 2?
2
Suppose -5*c + 26 = -2*f, -4*f - 20 = -3*c + 4. Let s be (-7 - f)/8*2. Let g be (-4 - 10)*s/2. What is the greatest common divisor of g and 14?
7
Suppose -101 = -5*t - 3*y, -5*t + 6*y - 2*y + 87 = 0. Calculate the highest common divisor of 304 and t.
19
Let c = -216 - -367. Suppose 8*p - c = 129. Calculate the greatest common divisor of p and 175.
35
Suppose 0*j = j. Suppose j = -b + 5*b + 12. Let n be (174 - 17) + -1 + b. Calculate the highest common divisor of 17 and n.
17
Let g = 36 - 40. Let r(b) = 8*b**2 + 6*b + 4. Let l be r(g). Calculate the greatest common divisor of 12 and l.
12
Let p = 6 - -3. Suppose -18*d + 54 = -12*d. What is the greatest common divisor of p and d?
9
Let d = 253 + -120. Calculate the greatest common divisor of d and 14.
7
Let v be -26*(-3 + -2)/(6/21). Suppose -14*p + p = -v. Calculate the highest common divisor of 10 and p.
5
Let o(v) = 3*v**3 - v**2. Let b be o(3). Suppose 0 = 2*z + 304 - 320. Calculate the greatest common factor of z and b.
8
Let d be (2/9)/(3/27). Suppose -3*w - 36 = -d*i + 81, 0 = -3*i - 4*w + 201. Let z be 5310/i + 4/(-14). What is the highest common factor of z and 21?
21
Let i(a) = a - 1. Let c(g) = 5*g - 10. Let j(b) = -3*c(b) + 24*i(b). Let k be j(5). Suppose -309 - k = -6*h. Calculate the greatest common divisor of 40 and h.
20
Let q(k) = -k + 15. Let a be q(7). Suppose 2*w = -i + 66, -6 = 2*i + 5*w - 135. Calculate the greatest common divisor of i and a.
8
Let z be 0/(((-1)/((-4)/4))/(-1)). Suppose -n = 2*k - 2*n - 52, z = 4*n. Calculate the greatest common divisor of 13 and k.
13
Let d(m) = m**2 + 8*m - 6. Suppose -5*i = -6*i - 9. Let z be d(i). What is the greatest common factor of z and 15?
3
Suppose -747 = 11*a - 3739. Calculate the greatest common divisor of 16 and a.
16
Suppose -8*d + 41 + 23 = 0. Let c be 53 - (6/(-3) - 1). What is the greatest common factor of d and c?
8
Let p = 22 + -4. Let t(d) = 9*d**2 - 9. Let f be t(-3). What is the greatest common factor of p and f?
18
Let p be (-18)/(-4*9/120). Calculate the highest common divisor of 84 and p.
12
Suppose 3*w = -2*w + 45. Suppose w + 7 = 2*i. Calculate the greatest common factor of 64 and i.
8
Let n be (-3 - (-4 + 1)) + 8. Suppose 3*a + 4*v = n*v - 78, -2*a = 4*v + 72. Let r be (-1)/(((-8)/a)/(-4)). What is the highest common divisor of r and 135?
15
Let c be 80/(-35) - -2 - 200/(-14). Let n = 240 + -128. What is the greatest common divisor of c and n?
14
Suppose 43*d = 6*d + 69375. What is the highest common factor of 15 and d?
15
Let l(v) = 2*v**2 - 3*v - 2. Let w = -83 - -82. Let i be l(w). What is the greatest common divisor of i and 1?
1
Suppose -894*s - 1960 = -901*s. Calculate the highest common factor of 240 and s.
40
Let l be ((792/(-42))/11)/((-1)/21). Calculate the greatest common factor of l and 72.
36
Let v = -44 + 278. Suppose -5*k + v = 4. Calculate the highest common divisor of k and 23.
23
Let b = -167 + 342. Let o = 56 + -31. What is the highest common factor of o and b?
25
Suppose -32*o + 22*o + 200 = 0. Calculate the highest common factor of o and 130.
10
Suppose -4*j - 5*t = 266, 3*t = 5*t - 4. Let n = -68 - j. What is the highest common factor of n and 11?
1
Let v(m) = 4*m**3 - m - 3*m - 8*m**2 - 5 - 3*m**3 + 0*m. Let b be v(9). What is the highest common divisor of 10 and b?
10
Let j(n) = -n**3 + 8*n**2 - 4*n + 3. Let o be j(3). Suppose 0 = -2*a + 3*b - 22 + 148, 2*b = -2*a + 116. Calculate the greatest common factor of o and a.
12
Suppose 3 = -2*s + 15. Let z(h) = -h**3 + 7*h**2 - 7*h + 6. Let n be z(s). Suppose n = i + i - 38. What is the highest common divisor of 38 and i?
19
Let q = -23 + 16. Let i be (-245)/q*(-2)/(-1). Suppose -6*x + i = -x. Calculate the greatest common factor of x and 35.
7
Let c = 3165 + -1518. What is the highest common factor of 54 and c?
27
Let y = -1014 - -1179. What is the greatest common divisor of 75 and y?
15
Suppose 0*z + z = q + 34, 3*z = -q + 94. Suppose -4*l + 1406 = -5*k, -k + 4 = -3*k. Let x = l + -189. Calculate the greatest common divisor of z and x.
32
Let n be (18/(-15))/(6/(-20)). Suppose 271 = 8*u - 17. Suppose -t + n*t = 3*x - u, -3*t + 24 = 3*x. What is the greatest common divisor of x and 40?
10
Let i be (-3 + 4)/(-3*1/(-15)). Suppose r - 2*q = 46, -2*r + 58 = i*q - 7. What is the greatest common divisor of 16 and r?
8
Let u(n) = 30*n**2 - 24*n + 23. Let c be u(1). What is the greatest common divisor of 1363 and c?
29
Let x = -77 + 175. Let h = 18 + -52. Let u = x + h. What is the greatest common factor of u and 8?
8
Let c be (-68)/(-5) - 33/55. Let s = c + -7. What is the greatest common divisor of s and 12?
6
Let z be 0*-1*(-2)/(-4). Suppose l = -z*l. Suppose 0 = -2*c - l + 10. Calculate the highest common factor of c and 55.
5
Suppose 3*j + 9*y - 10*y = 529, -4*j + 712 = -3*y. Calculate the highest common divisor of 75 and j.
25
Let d(q) = -149*q**2 - q + 5. Let i(s) = s**2 - s. Let p(k) = -d(k) - 4*i(k). Let l be p(1). What is the highest common factor of 29 and l?
29
Let u(f) = 13 + 3*f - f - f. Let c be u(-6). Suppose -2*z - 3 + 73 = 0. What is the highest common divisor of z and c?
7
Let b = -541 + 621. Suppose 0 = -t - t + 6. Suppose -7*f = -t*f - 128. What is the greatest common factor of f and b?
16
Suppose 0 = -5*g - 2*n + 33, -6*g + 8*g - 14 = -n. Suppose 508 + 172 = g*y + c, 4*y - c = 535. What is the highest common divisor of 27 and y?
27
Let p(c) = -14*c + 130. Let m be p(-17). Calculate the highest common divisor of m and 16.
16
Let b(k) = -47*k - 354. Let w be b(-8). Calculate the greatest common divisor of 3058 and w.
22
Let v be -2 + (1/(-1) - -26). Let x be (-2)/8 + 1674/72. What is the greatest common divisor of x and v?
23
Let z(c) = -2*c + 6. Let p be z(-11). Let w be 759/9 + (-1)/(-3)*-1. What is the greatest common divisor of p and w?
28
Suppose -5*v + 3*m + 183 = 2*m, -m = -3*v + 109. Suppose -v = 5*w - 6*w. Let p = w - 17. What is the greatest common divisor of 4 and p?
4
Let h be 0 - ((-7 - -3) + -156). What is the highest common factor of 40 and h?
40
Suppose 0*r - 7*r + 3185 = 0. What is the highest common divisor of r and 35?
35
Let y = 2 + -3. Let t(v) = 4*v**2 + v. Let x be t(y). Let m be 215/9 + (-72)/(-648). Calculate the highest common divisor of m and x.
3
Suppose -54*g = -1165 + 31. What is the highest common factor of g and 42?
21
Suppose -3*k + 237 = 93. What is the greatest common divisor of 72 and k?
24
Suppose -15*c = -18*c + 429. What is the highest common factor of c and 11?
11
Let k(p) = 2*p**3 + 62*p**2 + 112*p - 21. Let s be k(-29). What is the greatest common factor of 19 and s?
19
Let m(b